{"id":1291,"date":"2019-01-08T17:42:21","date_gmt":"2019-01-08T14:42:21","guid":{"rendered":"http:\/\/www.dogavebilim.com\/?page_id=897"},"modified":"2024-12-27T02:39:45","modified_gmt":"2024-12-26T23:39:45","slug":"posters","status":"publish","type":"page","link":"https:\/\/www.dogavebilim.com\/?page_id=1291&lang=en","title":{"rendered":"POSTER\/BROCHURE\u00a0"},"content":{"rendered":"\n<p>Our informative poster for Elasmobranch species that are forbidden to hunt was created within the scope of our Restoration, Conservation and Monitoring of Shark and Ray Species Habitats in Hatay Samanda\u011f H\u0131rlavuk Coasts-TCEF-2024 Project. You can download the poster by <a href=\"https:\/\/www.dogavebilim.com\/wp-content\/uploads\/2024\/11\/DogaBilim_Shark_afis.pdf\" data-type=\"link\" data-id=\"https:\/\/www.dogavebilim.com\/wp-content\/uploads\/2024\/11\/DogaBilim_Shark_afis.pdf\">clicking here<\/a>.<\/p>\n\n\n\n<figure class=\"wp-block-image size-full\"><img loading=\"lazy\" decoding=\"async\" width=\"656\" height=\"873\" src=\"https:\/\/www.dogavebilim.com\/wp-content\/uploads\/2024\/11\/Shark-afis-1.png\" alt=\"\" class=\"wp-image-2618\" srcset=\"https:\/\/www.dogavebilim.com\/wp-content\/uploads\/2024\/11\/Shark-afis-1.png 656w, https:\/\/www.dogavebilim.com\/wp-content\/uploads\/2024\/11\/Shark-afis-1-225x300.png 225w\" sizes=\"(max-width: 656px) 100vw, 656px\" \/><\/figure>\n\n\n\n<figure class=\"wp-block-image size-large\"><img loading=\"lazy\" decoding=\"async\" width=\"1024\" height=\"13\" src=\"https:\/\/www.dogavebilim.com\/wp-content\/uploads\/2019\/03\/Resim1-3-1024x13.jpg\" alt=\"\" class=\"wp-image-1510\" srcset=\"https:\/\/www.dogavebilim.com\/wp-content\/uploads\/2019\/03\/Resim1-3-1024x13.jpg 1024w, https:\/\/www.dogavebilim.com\/wp-content\/uploads\/2019\/03\/Resim1-3-300x4.jpg 300w, https:\/\/www.dogavebilim.com\/wp-content\/uploads\/2019\/03\/Resim1-3-768x9.jpg 768w, https:\/\/www.dogavebilim.com\/wp-content\/uploads\/2019\/03\/Resim1-3.jpg 1556w\" sizes=\"(max-width: 1024px) 100vw, 1024px\" \/><\/figure>\n\n\n\n<p>Our informative flyer for Elasmobranch species within the scope of our Restoration, Conservation and Monitoring of Shark and Ray Species Habitats in Hatay Samanda\u011f H\u0131rlavuk Coasts-TCEF-2024 Project. You can download the flyer by <a href=\"https:\/\/www.dogavebilim.com\/wp-content\/uploads\/2024\/12\/Shark-Ray-Brosur-V5.pdf\" data-type=\"link\" data-id=\"https:\/\/www.dogavebilim.com\/wp-content\/uploads\/2024\/11\/DogaBilim_Shark_afis.pdf\" target=\"_blank\" rel=\"noreferrer noopener\">clicking here<\/a>.<\/p>\n\n\n\n<figure class=\"wp-block-image size-full is-resized\"><img loading=\"lazy\" decoding=\"async\" width=\"563\" height=\"815\" src=\"https:\/\/www.dogavebilim.com\/wp-content\/uploads\/2024\/12\/Kapak-1.png\" alt=\"\" class=\"wp-image-2654\" style=\"width:683px;height:auto\" srcset=\"https:\/\/www.dogavebilim.com\/wp-content\/uploads\/2024\/12\/Kapak-1.png 563w, https:\/\/www.dogavebilim.com\/wp-content\/uploads\/2024\/12\/Kapak-1-207x300.png 207w\" sizes=\"(max-width: 563px) 100vw, 563px\" \/><\/figure>\n\n\n\n<figure class=\"wp-block-image size-large\"><img loading=\"lazy\" decoding=\"async\" width=\"1024\" height=\"13\" src=\"https:\/\/www.dogavebilim.com\/wp-content\/uploads\/2019\/03\/Resim1-3-1024x13.jpg\" alt=\"\" class=\"wp-image-1510\" srcset=\"https:\/\/www.dogavebilim.com\/wp-content\/uploads\/2019\/03\/Resim1-3-1024x13.jpg 1024w, https:\/\/www.dogavebilim.com\/wp-content\/uploads\/2019\/03\/Resim1-3-300x4.jpg 300w, https:\/\/www.dogavebilim.com\/wp-content\/uploads\/2019\/03\/Resim1-3-768x9.jpg 768w, https:\/\/www.dogavebilim.com\/wp-content\/uploads\/2019\/03\/Resim1-3.jpg 1556w\" sizes=\"(max-width: 1024px) 100vw, 1024px\" \/><\/figure>\n\n\n\n<p>The endemic species of the Mediterranean, Lagos (Epinephelus aeneus) and Orfoz (Epinephelus marginatus) have become the point of extinction in our seas as a result of excessive hunting. In the Red List of the International Nature Protection Association (IUCN), 29800 of the 13.08.2016 of the Turkish Ministry of Agriculture and Forestry in order to ensure the continuity of these species as stated in the Endangered (endangered) The hunting and sale of aquaculture published in the Official Gazette numbered 1 September 2016 to 31 August 2020 is prohibited. We have a campaign called \u201cLet\u2019s Live Lagos and Orfozu\u201d with the motto \u201cDo Something,\u201d as the Society of Nature and science to raise awareness of our fishermen and our p<strong>eople about how impo<\/strong>rtant fish ar<strong>e for our country and t<\/strong>he Mediterranean.<\/p>\n\n\n\n<p>Click&nbsp;<a href=\"http:\/\/www.dogavebilim.com\/wp-content\/uploads\/2018\/11\/Save-the-groupers-poster-2.pdf\" target=\"_blank\" rel=\"noreferrer noopener\">here&nbsp;<\/a>to download the poster for \u201cSave the Groupers\u201d campaign.<\/p>\n\n\n\n<figure class=\"wp-block-image size-large\"><img loading=\"lazy\" decoding=\"async\" width=\"724\" height=\"1024\" src=\"https:\/\/www.dogavebilim.com\/wp-content\/uploads\/2017\/12\/Save-the-groupers-poster-1-724x1024.jpg\" alt=\"\" class=\"wp-image-478\" srcset=\"https:\/\/www.dogavebilim.com\/wp-content\/uploads\/2017\/12\/Save-the-groupers-poster-1-724x1024.jpg 724w, https:\/\/www.dogavebilim.com\/wp-content\/uploads\/2017\/12\/Save-the-groupers-poster-1-212x300.jpg 212w, https:\/\/www.dogavebilim.com\/wp-content\/uploads\/2017\/12\/Save-the-groupers-poster-1-768x1086.jpg 768w\" sizes=\"(max-width: 724px) 100vw, 724px\" \/><\/figure>\n\n\n\n<figure class=\"wp-block-image size-large\"><img loading=\"lazy\" decoding=\"async\" width=\"1024\" height=\"13\" src=\"https:\/\/www.dogavebilim.com\/wp-content\/uploads\/2019\/03\/Resim1-2-1024x13.jpg\" alt=\"\" class=\"wp-image-1508\" srcset=\"https:\/\/www.dogavebilim.com\/wp-content\/uploads\/2019\/03\/Resim1-2-1024x13.jpg 1024w, https:\/\/www.dogavebilim.com\/wp-content\/uploads\/2019\/03\/Resim1-2-300x4.jpg 300w, https:\/\/www.dogavebilim.com\/wp-content\/uploads\/2019\/03\/Resim1-2-768x9.jpg 768w, https:\/\/www.dogavebilim.com\/wp-content\/uploads\/2019\/03\/Resim1-2.jpg 1556w\" sizes=\"(max-width: 1024px) 100vw, 1024px\" \/><\/figure>\n\n\n\n<p>Our poster that we mapped the distribution of stranded whales on our coasts and presented at the &#8220;Conferences on Cetacean Conservation in South Mediterranean Countries&#8221; conference. You can download the poster by clicking <a href=\"http:\/\/www.dogavebilim.com\/?attachment_id=2171\" target=\"_blank\" rel=\"noreferrer noopener\">here<\/a>.<\/p>\n\n\n\n<figure class=\"wp-block-image size-large\"><img loading=\"lazy\" decoding=\"async\" width=\"717\" height=\"1024\" src=\"http:\/\/www.dogavebilim.com\/wp-content\/uploads\/2021\/09\/0001-2-717x1024.jpg\" alt=\"\" class=\"wp-image-2175\" srcset=\"https:\/\/www.dogavebilim.com\/wp-content\/uploads\/2021\/09\/0001-2-717x1024.jpg 717w, https:\/\/www.dogavebilim.com\/wp-content\/uploads\/2021\/09\/0001-2-210x300.jpg 210w, https:\/\/www.dogavebilim.com\/wp-content\/uploads\/2021\/09\/0001-2-768x1097.jpg 768w, https:\/\/www.dogavebilim.com\/wp-content\/uploads\/2021\/09\/0001-2-1075x1536.jpg 1075w, https:\/\/www.dogavebilim.com\/wp-content\/uploads\/2021\/09\/0001-2-1434x2048.jpg 1434w, https:\/\/www.dogavebilim.com\/wp-content\/uploads\/2021\/09\/0001-2-scaled.jpg 1792w\" sizes=\"(max-width: 717px) 100vw, 717px\" \/><\/figure>\n\n\n\n<figure class=\"wp-block-image size-large\"><img loading=\"lazy\" decoding=\"async\" width=\"1024\" height=\"13\" src=\"https:\/\/www.dogavebilim.com\/wp-content\/uploads\/2019\/03\/Resim1-2-1024x13.jpg\" alt=\"\" class=\"wp-image-1508\" srcset=\"https:\/\/www.dogavebilim.com\/wp-content\/uploads\/2019\/03\/Resim1-2-1024x13.jpg 1024w, https:\/\/www.dogavebilim.com\/wp-content\/uploads\/2019\/03\/Resim1-2-300x4.jpg 300w, https:\/\/www.dogavebilim.com\/wp-content\/uploads\/2019\/03\/Resim1-2-768x9.jpg 768w, https:\/\/www.dogavebilim.com\/wp-content\/uploads\/2019\/03\/Resim1-2.jpg 1556w\" sizes=\"(max-width: 1024px) 100vw, 1024px\" \/><\/figure>\n\n\n\n<p>We have compiled the most common species of poisonous and stinging marine species in the Turkish Marine Waters. You can download the poster by clicking <a href=\"http:\/\/www.dogavebilim.com\/wp-content\/uploads\/2019\/11\/Afi%C5%9F-servet-ct.pdf\" target=\"_blank\" rel=\"noreferrer noopener\" aria-label=\"here (yeni sekmede a\u00e7\u0131l\u0131r)\">here<\/a>.<\/p>\n\n\n\n<figure class=\"wp-block-image\"><img loading=\"lazy\" decoding=\"async\" width=\"768\" height=\"1024\" src=\"http:\/\/www.dogavebilim.com\/wp-content\/uploads\/2019\/11\/Afi\u015f-servet-ct-1-768x1024.jpg\" alt=\"\" class=\"wp-image-1666\" srcset=\"https:\/\/www.dogavebilim.com\/wp-content\/uploads\/2019\/11\/Afi\u015f-servet-ct-1-768x1024.jpg 768w, https:\/\/www.dogavebilim.com\/wp-content\/uploads\/2019\/11\/Afi\u015f-servet-ct-1-225x300.jpg 225w\" sizes=\"(max-width: 768px) 100vw, 768px\" \/><\/figure>\n\n\n\n<figure class=\"wp-block-image size-large\"><img loading=\"lazy\" decoding=\"async\" width=\"1024\" height=\"13\" src=\"https:\/\/www.dogavebilim.com\/wp-content\/uploads\/2019\/03\/Resim1-2-1024x13.jpg\" alt=\"\" class=\"wp-image-1508\" srcset=\"https:\/\/www.dogavebilim.com\/wp-content\/uploads\/2019\/03\/Resim1-2-1024x13.jpg 1024w, https:\/\/www.dogavebilim.com\/wp-content\/uploads\/2019\/03\/Resim1-2-300x4.jpg 300w, https:\/\/www.dogavebilim.com\/wp-content\/uploads\/2019\/03\/Resim1-2-768x9.jpg 768w, https:\/\/www.dogavebilim.com\/wp-content\/uploads\/2019\/03\/Resim1-2.jpg 1556w\" sizes=\"(max-width: 1024px) 100vw, 1024px\" \/><\/figure>\n","protected":false},"excerpt":{"rendered":"<p>Our informative poster for Elasmobranch species that are forbidden to hunt was created within the scope of our Restoration, Conservation&hellip;<\/p>\n","protected":false},"author":2,"featured_media":0,"parent":1034,"menu_order":4,"comment_status":"closed","ping_status":"closed","template":"","meta":{"footnotes":""},"_links":{"self":[{"href":"https:\/\/www.dogavebilim.com\/index.php?rest_route=\/wp\/v2\/pages\/1291"}],"collection":[{"href":"https:\/\/www.dogavebilim.com\/index.php?rest_route=\/wp\/v2\/pages"}],"about":[{"href":"https:\/\/www.dogavebilim.com\/index.php?rest_route=\/wp\/v2\/types\/page"}],"author":[{"embeddable":true,"href":"https:\/\/www.dogavebilim.com\/index.php?rest_route=\/wp\/v2\/users\/2"}],"replies":[{"embeddable":true,"href":"https:\/\/www.dogavebilim.com\/index.php?rest_route=%2Fwp%2Fv2%2Fcomments&post=1291"}],"version-history":[{"count":7,"href":"https:\/\/www.dogavebilim.com\/index.php?rest_route=\/wp\/v2\/pages\/1291\/revisions"}],"predecessor-version":[{"id":2656,"href":"https:\/\/www.dogavebilim.com\/index.php?rest_route=\/wp\/v2\/pages\/1291\/revisions\/2656"}],"up":[{"embeddable":true,"href":"https:\/\/www.dogavebilim.com\/index.php?rest_route=\/wp\/v2\/pages\/1034"}],"wp:attachment":[{"href":"https:\/\/www.dogavebilim.com\/index.php?rest_route=%2Fwp%2Fv2%2Fmedia&parent=1291"}],"curies":[{"name":"wp","href":"https:\/\/api.w.org\/{rel}","templated":true}]}}