{"id":175,"date":"2017-12-12T23:10:36","date_gmt":"2017-12-12T20:10:36","guid":{"rendered":"http:\/\/dogavebilim.com\/?page_id=175"},"modified":"2022-08-12T15:52:47","modified_gmt":"2022-08-12T12:52:47","slug":"aktivitelerimiz","status":"publish","type":"page","link":"https:\/\/www.dogavebilim.com\/?page_id=175","title":{"rendered":"KAMPANYALARIMIZ"},"content":{"rendered":"\n<p class=\"has-text-align-center has-white-color has-luminous-vivid-orange-background-color has-text-color has-background\" style=\"font-size:18px\"><strong>\u201cDenizel Biyo\u00e7e\u015fitlili\u011fin Korunmas\u0131 ve K\u00fc\u00e7\u00fck \u00d6l\u00e7ekli Bal\u0131k\u00e7\u0131l\u0131\u011f\u0131n Kalk\u0131nd\u0131r\u0131lmas\u0131\u201d ama\u00e7l\u0131 Aslan Bal\u0131\u011f\u0131 Yakalama Etkinli\u011fi ile ilgili afi\u015fimiz<\/strong><\/p>\n\n\n\n<figure class=\"wp-block-image size-large\"><a href=\"https:\/\/www.dogavebilim.com\/?page_id=2248\" target=\"_blank\" rel=\"noopener\"><img loading=\"lazy\" decoding=\"async\" width=\"600\" height=\"600\" src=\"https:\/\/www.dogavebilim.com\/wp-content\/uploads\/2022\/08\/aslan-afis.jpg\" alt=\"\" class=\"wp-image-2219\" srcset=\"https:\/\/www.dogavebilim.com\/wp-content\/uploads\/2022\/08\/aslan-afis.jpg 600w, https:\/\/www.dogavebilim.com\/wp-content\/uploads\/2022\/08\/aslan-afis-300x300.jpg 300w, https:\/\/www.dogavebilim.com\/wp-content\/uploads\/2022\/08\/aslan-afis-150x150.jpg 150w\" sizes=\"(max-width: 600px) 100vw, 600px\" \/><\/a><\/figure>\n\n\n\n<ul><li>&#8220;<strong><span style=\"color: #ff0000;\">Aslan Bal\u0131\u011f\u0131 Yakalama Etkinli\u011fi<\/span><\/strong>&#8221;&nbsp;afi\u015fini indirmek i\u00e7in&nbsp;<strong><a href=\"https:\/\/www.dogavebilim.com\/wp-content\/uploads\/2022\/08\/aslan-afis.jpg\" target=\"_blank\" rel=\"noreferrer noopener\">t\u0131klay\u0131n\u0131z<\/a>.<\/strong><\/li><\/ul>\n\n\n\n<p class=\"has-text-align-center has-vivid-red-color has-pale-cyan-blue-background-color has-text-color has-background has-large-font-size\"><strong>Tehlikeli Deniz Canl\u0131lar\u0131n\u0131 Tan\u0131yal\u0131m ve Korunal\u0131m<\/strong><\/p>\n\n\n\n<figure class=\"wp-block-image\"><img loading=\"lazy\" decoding=\"async\" width=\"768\" height=\"1024\" src=\"http:\/\/www.dogavebilim.com\/wp-content\/uploads\/2019\/12\/Afi\u015f-servet-ct-1-768x1024.jpg\" alt=\"\" class=\"wp-image-1698\" srcset=\"https:\/\/www.dogavebilim.com\/wp-content\/uploads\/2019\/12\/Afi\u015f-servet-ct-1-768x1024.jpg 768w, https:\/\/www.dogavebilim.com\/wp-content\/uploads\/2019\/12\/Afi\u015f-servet-ct-1-225x300.jpg 225w\" sizes=\"(max-width: 768px) 100vw, 768px\" \/><\/figure>\n\n\n\n<ul><li>&#8220;<strong><span style=\"color: #ff0000;\">Tehlikeli Deniz Canl\u0131lar\u0131<\/span><\/strong>&#8221;&nbsp;kampanyas\u0131n\u0131n afi\u015fini indirmek i\u00e7in&nbsp;<strong><a href=\"http:\/\/www.dogavebilim.com\/wp-content\/uploads\/2019\/12\/Afi%C5%9F-servet-ct.pdf\" target=\"_blank\" rel=\"noreferrer noopener\" aria-label=\"t\u0131klay\u0131n\u0131z (yeni sekmede a\u00e7\u0131l\u0131r)\">t\u0131klay\u0131n\u0131z<\/a>.<\/strong><\/li><\/ul>\n\n\n\n<p class=\"has-text-align-center has-vivid-red-color has-cyan-bluish-gray-background-color has-text-color has-background has-large-font-size\"><strong>Mangalda Aslan<\/strong><\/p>\n\n\n\n<p><strong>T\u00fcrkiye Denizlerine K\u0131z\u0131ldeniz\u2019den gelen aslan bal\u0131\u011f\u0131, y\u00fczge\u00e7 \u0131\u015f\u0131nlar\u0131n\u0131n zehirli olmas\u0131ndan dolay\u0131 t\u00fcketilmemektedir. Bu durum denizlerimizde a\u015f\u0131r\u0131 \u00e7o\u011falmas\u0131na ve denizel ekosistemimize b\u00fcy\u00fck zararlar vermesine yol a\u00e7maktad\u0131r. Aslan bal\u0131\u011f\u0131n\u0131n asl\u0131nda yenebilen lezzetli bir bal\u0131k oldu\u011fu konusunda bal\u0131k\u00e7\u0131lar\u0131 ve halk\u0131 bilin\u00e7lendirmek, avc\u0131l\u0131\u011f\u0131n\u0131 te\u015fvik ederek bu t\u00fcr\u00fc ekonomiye kazand\u0131rmak ve denizel ekosisteme olan zararl\u0131 bask\u0131s\u0131n\u0131 azaltmak i\u00e7in Do\u011fa ve Bilim Derne\u011fi olarak \u201cMANGALDA ASLAN\u201d kampanyas\u0131n\u0131 ba\u015flatt\u0131k.<\/strong><\/p>\n\n\n\n<ul><li>&#8220;<strong><span style=\"color: #ff0000;\">Mangalda Aslan<\/span><\/strong>&#8221;&nbsp;kampanyas\u0131n\u0131n afi\u015fini indirmek i\u00e7in&nbsp;<a href=\"http:\/\/www.dogavebilim.com\/wp-content\/uploads\/2018\/12\/lionfish-tr-1.pdf\"><strong>t\u0131klay\u0131n\u0131z.<\/strong><\/a> <\/li><\/ul>\n\n\n\n<figure class=\"wp-block-image\"><img loading=\"lazy\" decoding=\"async\" width=\"709\" height=\"1024\" src=\"http:\/\/www.dogavebilim.com\/wp-content\/uploads\/2019\/01\/lionfish-tr-709x1024.jpg\" alt=\"\" class=\"wp-image-815\" srcset=\"https:\/\/www.dogavebilim.com\/wp-content\/uploads\/2019\/01\/lionfish-tr-709x1024.jpg 709w, https:\/\/www.dogavebilim.com\/wp-content\/uploads\/2019\/01\/lionfish-tr-208x300.jpg 208w, https:\/\/www.dogavebilim.com\/wp-content\/uploads\/2019\/01\/lionfish-tr.jpg 720w\" sizes=\"(max-width: 709px) 100vw, 709px\" \/><\/figure>\n\n\n\n<p class=\"has-text-align-center has-vivid-cyan-blue-color has-cyan-bluish-gray-background-color has-text-color has-background has-large-font-size\"><strong>Lagos ve Orfozu Ya\u015fatal\u0131m<\/strong><\/p>\n\n\n\n<p>Akdeniz&#8217;in endemik t\u00fcrlerinden olan Lagos (Epinephelus aeneus) ve Orfoz (Epinephelus marginatus) a\u015f\u0131r\u0131 avc\u0131l\u0131k sonucunda denizlerimizde yok olma noktas\u0131na gelmi\u015ftir. Uluslararas\u0131 Do\u011fa Koruma Birli\u011fi\u2019nin (IUCN) K\u0131rm\u0131z\u0131 Listesi\u2019nde durumu tehlikede (endangered) olarak belirtilen bu t\u00fcrlerin denizlerimizde devaml\u0131l\u0131\u011f\u0131n\u0131n sa\u011flanmas\u0131 i\u00e7in T\u00fcrkiye Cumhuriyeti Tar\u0131m ve Orman Bakanl\u0131\u011f\u0131 taraf\u0131ndan 13.08.2016 tarihli 29800 Say\u0131l\u0131 Resmi Gazete\u2019de yay\u0131nlanan Su \u00dcr\u00fcnleri Avc\u0131l\u0131\u011f\u0131 Tebli\u011fi ile 1 Eyl\u00fcl 2016\u2019dan 31 A\u011fustos 2020\u2019ye avlanmas\u0131 ve sat\u0131lmas\u0131 yasaklanm\u0131\u015ft\u0131r. Bizde orfoz ve lagos bal\u0131klar\u0131n\u0131n \u00fclkemiz ve Akdeniz i\u00e7in ne kadar \u00f6nemli bal\u0131klar oldu\u011fu konusunda bal\u0131k\u00e7\u0131lar\u0131m\u0131z\u0131 ve halk\u0131m\u0131z\u0131 bilin\u00e7lendirmek i\u00e7in Do\u011fa ve Bilim Derne\u011fi olarak &#8220;<strong>Sen de Bir \u015eeyler Yap<\/strong>&#8221; mottosuyla &#8220;<strong>Lagos ve Orfozu Ya\u015fatal\u0131m<\/strong> &#8220;adl\u0131 kampanyam\u0131z\u0131 ba\u015flatt\u0131k.<\/p>\n\n\n\n<ul><li> &#8220;<strong>Lagos ve Orfozu Ya\u015fatal\u0131m&#8221;<\/strong> kampanyas\u0131n\u0131n&nbsp;afi\u015fini indirmek i\u00e7in <a rel=\"noreferrer noopener\" href=\"http:\/\/www.dogavebilim.com\/wp-content\/uploads\/2018\/11\/Save-the-groupers-poster-2.pdf\" target=\"_blank\">t\u0131klay\u0131n\u0131z.<\/a> <\/li><\/ul>\n\n\n\n<div class=\"wp-block-image\"><figure class=\"aligncenter is-resized\"><img loading=\"lazy\" decoding=\"async\" src=\"http:\/\/www.dogavebilim.com\/wp-content\/uploads\/2019\/01\/Save-the-groupers-poster-1-1-724x1024.jpg\" alt=\"\" class=\"wp-image-923\" width=\"700\" height=\"1024\"\/><\/figure><\/div>\n\n\n\n<p class=\"has-text-align-center has-very-light-gray-color has-text-color has-background has-medium-font-size\" style=\"background-color:#21ce8e\"><strong>ULUSLARARASI BALON BALI\u011eI SEMPOZYUMU<\/strong><\/p>\n\n\n\n<figure class=\"wp-block-image\"><img loading=\"lazy\" decoding=\"async\" width=\"1024\" height=\"280\" src=\"http:\/\/www.dogavebilim.com\/wp-content\/uploads\/2019\/01\/Symposium-Pufferfish-saydam-1024x280-1024x280.png\" alt=\"\" class=\"wp-image-1112\" srcset=\"https:\/\/www.dogavebilim.com\/wp-content\/uploads\/2019\/01\/Symposium-Pufferfish-saydam-1024x280.png 1024w, https:\/\/www.dogavebilim.com\/wp-content\/uploads\/2019\/01\/Symposium-Pufferfish-saydam-1024x280-300x82.png 300w, https:\/\/www.dogavebilim.com\/wp-content\/uploads\/2019\/01\/Symposium-Pufferfish-saydam-1024x280-768x210.png 768w\" sizes=\"(max-width: 1024px) 100vw, 1024px\" \/><\/figure>\n\n\n\n<p>13-14 Ekim 2017 tarihlerinde Bodrum&#8217;da  Uluslararas\u0131 bir etkinlik olarak d\u00fczenlenen &#8220;Uluslararas\u0131 Balon Bal\u0131\u011f\u0131 Sempozyumu&#8221; D\u00fcnyan\u0131n bir\u00e7ok yerinden konu ile ilgili \u00f6nde gelen bilim adamlar\u0131n\u0131 bir araya getiren Sempozyumda, \u201c<em>balon bal\u0131klar\u0131 t\u00fcrlerinin istilas\u0131, ekosistem \u00fczerine etkileri, halk sa\u011fl\u0131\u011f\u0131na etkileri, izlenmesi, bal\u0131k\u00e7\u0131l\u0131\u011fa etkileri, t\u00fcrlerin ya\u015fam \u00f6zellikleri ve riskler\u201d<\/em>&nbsp;\u00fczerine de\u011ferlendirmeler yap\u0131ld\u0131. Konunun uzman\u0131 bilim insanlar\u0131, G\u0131da Tar\u0131m ve Hayvanc\u0131l\u0131k Bakanl\u0131\u011f\u0131 \u00fcst d\u00fczey y\u00f6neticileri, vak\u0131f ve dernek temsilcileri ve bal\u0131k\u00e7\u0131lar\u0131n kat\u0131l\u0131mlar\u0131 ile ger\u00e7ekle\u015ftirilen Sempozyum, d\u00fcnyada b\u00fcy\u00fck problemlere neden olan balon bal\u0131klar\u0131n\u0131n gelecekte olu\u015fturabilece\u011fi daha b\u00fcy\u00fck sorunlar\u0131n \u00f6nlenmesi i\u00e7in gerekli stratejilerin geli\u015ftirilmesi, bilgilerin payla\u015f\u0131lmas\u0131 ve fark\u0131ndal\u0131\u011f\u0131n olu\u015fturulmas\u0131 amac\u0131yla d\u00fczenlendi.&nbsp; <\/p>\n\n\n\n<p class=\"has-text-align-center has-very-light-gray-color has-pale-cyan-blue-background-color has-text-color has-background has-medium-font-size\"><strong>ULUSLARARASI KAYA BALIKLARI \u00c7ALI\u015eTAYI<\/strong><\/p>\n\n\n\n<figure class=\"wp-block-image\"><img loading=\"lazy\" decoding=\"async\" width=\"1024\" height=\"350\" src=\"http:\/\/www.dogavebilim.com\/wp-content\/uploads\/2017\/12\/afis-1024x350.png\" alt=\"\" class=\"wp-image-370\" srcset=\"https:\/\/www.dogavebilim.com\/wp-content\/uploads\/2017\/12\/afis-1024x350.png 1024w, https:\/\/www.dogavebilim.com\/wp-content\/uploads\/2017\/12\/afis-300x103.png 300w, https:\/\/www.dogavebilim.com\/wp-content\/uploads\/2017\/12\/afis-768x263.png 768w, https:\/\/www.dogavebilim.com\/wp-content\/uploads\/2017\/12\/afis.png 1293w\" sizes=\"(max-width: 1024px) 100vw, 1024px\" \/><\/figure>\n\n\n\n<p>T\u00fcrkiye&#8217;de ilk ve Avrupa&#8217;da ikincisinin ger\u00e7ekle\u015ftirildi\u011fi &#8220;Uluslararas\u0131 Lagos-Orfoz \u00c7al\u0131\u015ftay\u0131&#8221; Bodrum Mu\u011fla&#8217;da yap\u0131ld\u0131. \u00c7al\u0131\u015ftaya, \u0130ngiltere, Malta, Fransa, Yunanistan, Almanya, M\u0131s\u0131r, \u0130spanya&#8217;dan olmak \u00fczere 7 \u00fclkenin bilim adamlar\u0131 ile T\u00fcrkiye&#8217;den 22 \u00dcniversiteden bilim adamlar\u0131n\u0131n yan\u0131s\u0131ra T.C. G\u0131da Tar\u0131m ve Hayvanc\u0131l\u0131k Bakanl\u0131\u011f\u0131 \u00fcst d\u00fczey y\u00f6neticileri, T\u00fcrkiye Deniz Ara\u015ft\u0131rmalar\u0131 Vakf\u0131 Ba\u015fkan\u0131, T\u00fcrkiye Su \u00dcr\u00fcnleri Kooperatifleri Birlik Ba\u015fkan\u0131, Su \u00dcr\u00fcnleri Kooparatifleri B\u00f6lge Birlik Ba\u015fkanlar\u0131, Bal\u0131k\u00e7\u0131lar, Do\u011fal Hayat\u0131 Koruma Derne\u011fi Temsilcileri (WWF), B\u00fcy\u00fck \u015eehir Belediye Temsilcileri ve konu ile ilgili dernek temsilcilerinin kat\u0131l\u0131mlar\u0131 ile ger\u00e7ekle\u015ftirildi.  <br>\u00dclkemizde ve d\u00fcnyada ekonomik de\u011feri y\u00fcksek olan ve nesli tehdit alt\u0131nda oldu\u011fu uluslararas\u0131 kurulu\u015flara da bildirilen lagos ve orfozun gelecekteki s\u00fcrd\u00fcr\u00fclebilirli\u011fi i\u00e7in gerekli stratejilerin geli\u015ftirilmesi, bilgilerin payla\u015f\u0131lmas\u0131 ve fark\u0131ndal\u0131\u011f\u0131n olu\u015fturulmas\u0131 amac\u0131yla d\u00fczenlendi. <\/p>\n","protected":false},"excerpt":{"rendered":"<p>\u201cDenizel Biyo\u00e7e\u015fitlili\u011fin Korunmas\u0131 ve K\u00fc\u00e7\u00fck \u00d6l\u00e7ekli Bal\u0131k\u00e7\u0131l\u0131\u011f\u0131n Kalk\u0131nd\u0131r\u0131lmas\u0131\u201d ama\u00e7l\u0131 Aslan Bal\u0131\u011f\u0131 Yakalama Etkinli\u011fi ile ilgili afi\u015fimiz &#8220;Aslan Bal\u0131\u011f\u0131 Yakalama Etkinli\u011fi&#8221;&nbsp;afi\u015fini&hellip;<\/p>\n","protected":false},"author":2,"featured_media":0,"parent":0,"menu_order":4,"comment_status":"closed","ping_status":"closed","template":"","meta":{"footnotes":""},"_links":{"self":[{"href":"https:\/\/www.dogavebilim.com\/index.php?rest_route=\/wp\/v2\/pages\/175"}],"collection":[{"href":"https:\/\/www.dogavebilim.com\/index.php?rest_route=\/wp\/v2\/pages"}],"about":[{"href":"https:\/\/www.dogavebilim.com\/index.php?rest_route=\/wp\/v2\/types\/page"}],"author":[{"embeddable":true,"href":"https:\/\/www.dogavebilim.com\/index.php?rest_route=\/wp\/v2\/users\/2"}],"replies":[{"embeddable":true,"href":"https:\/\/www.dogavebilim.com\/index.php?rest_route=%2Fwp%2Fv2%2Fcomments&post=175"}],"version-history":[{"count":70,"href":"https:\/\/www.dogavebilim.com\/index.php?rest_route=\/wp\/v2\/pages\/175\/revisions"}],"predecessor-version":[{"id":2293,"href":"https:\/\/www.dogavebilim.com\/index.php?rest_route=\/wp\/v2\/pages\/175\/revisions\/2293"}],"wp:attachment":[{"href":"https:\/\/www.dogavebilim.com\/index.php?rest_route=%2Fwp%2Fv2%2Fmedia&parent=175"}],"curies":[{"name":"wp","href":"https:\/\/api.w.org\/{rel}","templated":true}]}}