{"id":1975,"date":"2020-03-02T16:42:50","date_gmt":"2020-03-02T13:42:50","guid":{"rendered":"http:\/\/www.dogavebilim.com\/?page_id=1975"},"modified":"2023-12-04T02:49:15","modified_gmt":"2023-12-03T23:49:15","slug":"turkiye-denizlerinde-deniz-memelilerini-tehdit-eden-faktorlerin-belirlenmesi-ve-cozum-yollari-dbd-2020-p03","status":"publish","type":"page","link":"https:\/\/www.dogavebilim.com\/?page_id=1975","title":{"rendered":"T\u00fcrkiye Denizlerinde  Deniz Memelilerini Tehdit Eden Fakt\u00f6rlerin Belirlenmesi ve \u00c7\u00f6z\u00fcm Yollar\u0131 (DBD-2020-P03)"},"content":{"rendered":"\n<p class=\"has-pale-cyan-blue-background-color has-background\"><strong>Prof. Dr. Cemal Turan: Kumsallarda g\u00f6r\u00fclen foklar\u0131n rahats\u0131z edilmemesi uyar\u0131s\u0131nda bulunuldu.<\/strong><\/p>\n\n\n\n<figure class=\"wp-block-image size-full\"><a href=\"https:\/\/www.aa.com.tr\/tr\/yasam\/kumsallarda-gorulen-foklarin-rahatsiz-edilmemesi-uyarisinda-bulunuldu-\/2499112\" target=\"_blank\" rel=\"noreferrer noopener\"><img loading=\"lazy\" decoding=\"async\" width=\"864\" height=\"486\" src=\"https:\/\/www.dogavebilim.com\/wp-content\/uploads\/2023\/12\/image-6.png\" alt=\"\" class=\"wp-image-2388\" srcset=\"https:\/\/www.dogavebilim.com\/wp-content\/uploads\/2023\/12\/image-6.png 864w, https:\/\/www.dogavebilim.com\/wp-content\/uploads\/2023\/12\/image-6-300x169.png 300w, https:\/\/www.dogavebilim.com\/wp-content\/uploads\/2023\/12\/image-6-768x432.png 768w, https:\/\/www.dogavebilim.com\/wp-content\/uploads\/2023\/12\/image-6-720x405.png 720w\" sizes=\"(max-width: 864px) 100vw, 864px\" \/><\/a><\/figure>\n\n\n\n<p class=\"has-pale-cyan-blue-background-color has-background\"><strong>D\u00fczce Ak\u00e7akoca sahilinde k\u0131y\u0131ya vuran \u00e7izgili yunus (Stenella coeruleoalba) Do\u011fa ve Bilim Derne\u011fi Karadeniz Sorumlusu Do\u00e7. Dr. Deniz Ya\u011fl\u0131o\u011flu taraf\u0131ndan incelendi.<\/strong><\/p>\n\n\n\n<figure class=\"wp-block-image\"><img decoding=\"async\" src=\"http:\/\/www.dogavebilim.com\/wp-content\/uploads\/2020\/03\/dolphin2-1024x1024.jpeg\" alt=\"Bu g\u00f6rsel bo\u015f bir alt niteli\u011fe sahip; dosya ad\u0131 dolphin2-1024x1024.jpeg\"\/><\/figure>\n\n\n\n<figure class=\"wp-block-image\"><img decoding=\"async\" src=\"http:\/\/www.dogavebilim.com\/wp-content\/uploads\/2020\/03\/dolphin3-1024x1024.jpeg\" alt=\"Bu g\u00f6rsel bo\u015f bir alt niteli\u011fe sahip; dosya ad\u0131 dolphin3-1024x1024.jpeg\"\/><\/figure>\n\n\n\n<p class=\"has-background\" style=\"background-color:#28cbdd\">Karaa\u011fa\u00e7 sahilinde karaya vuran \u0130sperme\u00e7et balinas\u0131 (<em>Physeter macrocephalus<\/em>) \u0130skenderun Teknik \u00dcniversitesi, Do\u011fa ve Bilim Derne\u011fi ve Hatay B\u00fcy\u00fck\u015fehir Belediyesi yetkilileri taraf\u0131ndan karaya \u00e7\u0131kart\u0131ld\u0131. Karaya \u00e7\u0131kart\u0131lan isperme\u00e7 balinas\u0131na Do\u011fa ve Bilim Derne\u011fi Ba\u015fkan\u0131 Prof. Dr. Cemal Turan \u00f6nderli\u011finde nekropsisi ger\u00e7ekle\u015ftirildi.<\/p>\n\n\n\n<figure class=\"wp-block-image\"><img decoding=\"async\" src=\"http:\/\/www.dogavebilim.com\/wp-content\/uploads\/2020\/03\/whale1.jpg\" alt=\"Bu g\u00f6rsel bo\u015f bir alt niteli\u011fe sahip; dosya ad\u0131 whale1.jpg\"\/><\/figure>\n\n\n\n<figure class=\"wp-block-image\"><img decoding=\"async\" src=\"http:\/\/www.dogavebilim.com\/wp-content\/uploads\/2020\/03\/whale2-1-1024x426.jpg\" alt=\"Bu g\u00f6rsel bo\u015f bir alt niteli\u011fe sahip; dosya ad\u0131 whale2-1-1024x426.jpg\"\/><\/figure>\n\n\n\n<figure class=\"wp-block-image\"><img decoding=\"async\" src=\"http:\/\/www.dogavebilim.com\/wp-content\/uploads\/2020\/03\/whale10.jpg\" alt=\"Bu g\u00f6rsel bo\u015f bir alt niteli\u011fe sahip; dosya ad\u0131 whale10.jpg\"\/><\/figure>\n\n\n\n<figure class=\"wp-block-image\"><img decoding=\"async\" src=\"http:\/\/www.dogavebilim.com\/wp-content\/uploads\/2020\/03\/whale9.jpg\" alt=\"Bu g\u00f6rsel bo\u015f bir alt niteli\u011fe sahip; dosya ad\u0131 whale9.jpg\"\/><\/figure>\n\n\n\n<p class=\"has-background\" style=\"background-color:#28cbdd\">Limak-Port iskelesine s\u00fcr\u00fcklenen Yavru Uzun Balina (<em>Balaenoptera physalus<\/em>), \u0130skenderun Belediyesi ve Do\u011fa ve Bilim Derne\u011fi ekiplerinin yard\u0131mlar\u0131yla \u0130skenderun Teknik \u00dcniversitesi Deniz Bilimleri ve Teknolojisi Fak\u00fcltesi\u2019nin bah\u00e7esine g\u00f6t\u00fcr\u00fcld\u00fc. Burada ger\u00e7ekle\u015ftirilen nekropsisi \u00e7al\u0131\u015fmalar\u0131na Do\u011fa ve Bilim Derne\u011fi \u00fcyeleride kat\u0131ld\u0131. S\u00fct emme d\u00f6neminde oldu\u011fu (yakla\u015f\u0131k 5 ayl\u0131k) tahmin edilen balinan\u0131n annesini kaybetmesi sonucu beslenme sorunu ya\u015fad\u0131\u011f\u0131 ve buna ba\u011fl\u0131 sa\u011fl\u0131k sorunlar\u0131 nedeniyle \u00f6ld\u00fc\u011f\u00fc d\u00fc\u015f\u00fcn\u00fcl\u00fcyor.<\/p>\n\n\n\n<figure class=\"wp-block-image\"><img decoding=\"async\" src=\"http:\/\/www.dogavebilim.com\/wp-content\/uploads\/2020\/03\/whale3.jpg\" alt=\"Bu g\u00f6rsel bo\u015f bir alt niteli\u011fe sahip; dosya ad\u0131 whale3.jpg\"\/><\/figure>\n\n\n\n<figure class=\"wp-block-image\"><img decoding=\"async\" src=\"http:\/\/www.dogavebilim.com\/wp-content\/uploads\/2020\/03\/whale4.jpg\" alt=\"Bu g\u00f6rsel bo\u015f bir alt niteli\u011fe sahip; dosya ad\u0131 whale4.jpg\"\/><\/figure>\n\n\n\n<figure class=\"wp-block-image\"><img decoding=\"async\" src=\"http:\/\/www.dogavebilim.com\/wp-content\/uploads\/2020\/03\/whale5.jpg\" alt=\"Bu g\u00f6rsel bo\u015f bir alt niteli\u011fe sahip; dosya ad\u0131 whale5.jpg\"\/><\/figure>\n\n\n\n<figure class=\"wp-block-image\"><img decoding=\"async\" src=\"http:\/\/www.dogavebilim.com\/wp-content\/uploads\/2020\/03\/whale8.jpg\" alt=\"Bu g\u00f6rsel bo\u015f bir alt niteli\u011fe sahip; dosya ad\u0131 whale8.jpg\"\/><\/figure>\n","protected":false},"excerpt":{"rendered":"<p>Prof. Dr. Cemal Turan: Kumsallarda g\u00f6r\u00fclen foklar\u0131n rahats\u0131z edilmemesi uyar\u0131s\u0131nda bulunuldu. D\u00fczce Ak\u00e7akoca sahilinde k\u0131y\u0131ya vuran \u00e7izgili yunus (Stenella coeruleoalba)&hellip;<\/p>\n","protected":false},"author":2,"featured_media":0,"parent":0,"menu_order":0,"comment_status":"closed","ping_status":"closed","template":"","meta":{"footnotes":""},"_links":{"self":[{"href":"https:\/\/www.dogavebilim.com\/index.php?rest_route=\/wp\/v2\/pages\/1975"}],"collection":[{"href":"https:\/\/www.dogavebilim.com\/index.php?rest_route=\/wp\/v2\/pages"}],"about":[{"href":"https:\/\/www.dogavebilim.com\/index.php?rest_route=\/wp\/v2\/types\/page"}],"author":[{"embeddable":true,"href":"https:\/\/www.dogavebilim.com\/index.php?rest_route=\/wp\/v2\/users\/2"}],"replies":[{"embeddable":true,"href":"https:\/\/www.dogavebilim.com\/index.php?rest_route=%2Fwp%2Fv2%2Fcomments&post=1975"}],"version-history":[{"count":6,"href":"https:\/\/www.dogavebilim.com\/index.php?rest_route=\/wp\/v2\/pages\/1975\/revisions"}],"predecessor-version":[{"id":2390,"href":"https:\/\/www.dogavebilim.com\/index.php?rest_route=\/wp\/v2\/pages\/1975\/revisions\/2390"}],"wp:attachment":[{"href":"https:\/\/www.dogavebilim.com\/index.php?rest_route=%2Fwp%2Fv2%2Fmedia&parent=1975"}],"curies":[{"name":"wp","href":"https:\/\/api.w.org\/{rel}","templated":true}]}}