{"id":2,"date":"2015-08-02T12:15:56","date_gmt":"2015-08-02T09:15:56","guid":{"rendered":"http:\/\/localhost\/AAA\/wp_dogavebilim\/wordpress\/?page_id=2"},"modified":"2019-01-15T14:47:02","modified_gmt":"2019-01-15T11:47:02","slug":"anasayfa","status":"publish","type":"page","link":"https:\/\/www.dogavebilim.com\/","title":{"rendered":"ANASAYFA"},"content":{"rendered":"<p><img loading=\"lazy\" decoding=\"async\" class=\"aligncenter wp-image-469\" src=\"http:\/\/www.dogavebilim.com\/wp-content\/uploads\/2017\/12\/do\u011fabilimTR.png\" alt=\"\" width=\"375\" height=\"413\" srcset=\"https:\/\/www.dogavebilim.com\/wp-content\/uploads\/2017\/12\/do\u011fabilimTR.png 657w, https:\/\/www.dogavebilim.com\/wp-content\/uploads\/2017\/12\/do\u011fabilimTR-273x300.png 273w\" sizes=\"(max-width: 375px) 100vw, 375px\" \/><\/p>\n<p>2015 y\u0131l\u0131nda faaliyetlerine ba\u015flayan derne\u011fimiz, do\u011fa sorunlar\u0131 i\u00e7in bilimsel, yap\u0131c\u0131 ve yerinde \u00e7\u00f6z\u00fcmler getirmeyi ilke edinmi\u015ftir. Amac\u0131m\u0131z, toplumun bilimsel konulara eri\u015fimini sa\u011flamak, denizel ve karasal biyo\u00e7e\u015fitlilik ve iklim de\u011fi\u015fikli\u011fi ile ilgili ara\u015ft\u0131rma ve \u00e7al\u0131\u015fmalar yapmak, do\u011fa bilimlerini sevdirmek ve bu sayede do\u011fay\u0131 ve \u00e7evreyi koruma bilincine sahip gen\u00e7ler ve yeti\u015fkinlerden olu\u015fan bir topluma arac\u0131 olmakt\u0131r. Yerel temsilcilerimiz, \u00fcyelerimiz, g\u00f6n\u00fcll\u00fclerimiz ve destek\u00e7ilerimiz ile geni\u015f kitlelere ula\u015fmay\u0131 hedefliyoruz. Derne\u011fimizin merkezi Hatay-\u0130skenderun&#8217;da bulunmaktad\u0131r.<\/p>\n<p style=\"text-align: left;\"><b>V\u0130ZYONUMUZ<br \/>\n<\/b>\u0130nsan\u0131n b\u00fct\u00fcn varl\u0131klara ve ekolojik b\u00fct\u00fcnl\u00fc\u011fe sayg\u0131 duydu\u011fu; var olu\u015funun do\u011fa \u00fczerindeki etkisini bilerek ya\u015fad\u0131\u011f\u0131 ve sonucunda, do\u011fan\u0131n korunmas\u0131n\u0131 gerektirmeyecek bir ya\u015fam tarz\u0131n\u0131 benimsedi\u011fi bir d\u00fcnyaya ula\u015fmak.<\/p>\n<p style=\"text-align: left;\"><b>M\u0130SYONUMUZ<br \/>\n<\/b>Do\u011fa ve insan\u0131 bir b\u00fct\u00fcn halinde ele alarak, denizel ve karasal biyo\u00e7e\u015fitlili\u011fin korunmas\u0131n\u0131, s\u00fcrd\u00fcr\u00fclebilirli\u011fini, iklim de\u011fi\u015fikli\u011fi ile m\u00fccadeleyi ve do\u011fal kaynaklar\u0131n\u00a0 gelecek nesillere bozulmadan aktar\u0131m\u0131n\u0131 bilimsel yakla\u015f\u0131mlarla sa\u011flamaya \u00e7al\u0131\u015fmak.<\/p>\n","protected":false},"excerpt":{"rendered":"<p>2015 y\u0131l\u0131nda faaliyetlerine ba\u015flayan derne\u011fimiz, do\u011fa sorunlar\u0131 i\u00e7in bilimsel, yap\u0131c\u0131 ve yerinde \u00e7\u00f6z\u00fcmler getirmeyi ilke edinmi\u015ftir. Amac\u0131m\u0131z, toplumun bilimsel konulara&hellip;<\/p>\n","protected":false},"author":2,"featured_media":0,"parent":0,"menu_order":1,"comment_status":"closed","ping_status":"closed","template":"","meta":{"footnotes":""},"_links":{"self":[{"href":"https:\/\/www.dogavebilim.com\/index.php?rest_route=\/wp\/v2\/pages\/2"}],"collection":[{"href":"https:\/\/www.dogavebilim.com\/index.php?rest_route=\/wp\/v2\/pages"}],"about":[{"href":"https:\/\/www.dogavebilim.com\/index.php?rest_route=\/wp\/v2\/types\/page"}],"author":[{"embeddable":true,"href":"https:\/\/www.dogavebilim.com\/index.php?rest_route=\/wp\/v2\/users\/2"}],"replies":[{"embeddable":true,"href":"https:\/\/www.dogavebilim.com\/index.php?rest_route=%2Fwp%2Fv2%2Fcomments&post=2"}],"version-history":[{"count":40,"href":"https:\/\/www.dogavebilim.com\/index.php?rest_route=\/wp\/v2\/pages\/2\/revisions"}],"predecessor-version":[{"id":1353,"href":"https:\/\/www.dogavebilim.com\/index.php?rest_route=\/wp\/v2\/pages\/2\/revisions\/1353"}],"wp:attachment":[{"href":"https:\/\/www.dogavebilim.com\/index.php?rest_route=%2Fwp%2Fv2%2Fmedia&parent=2"}],"curies":[{"name":"wp","href":"https:\/\/api.w.org\/{rel}","templated":true}]}}