{"id":2403,"date":"2023-12-06T07:43:13","date_gmt":"2023-12-06T04:43:13","guid":{"rendered":"https:\/\/www.dogavebilim.com\/?page_id=2403"},"modified":"2024-05-03T23:35:11","modified_gmt":"2024-05-03T20:35:11","slug":"yonetim","status":"publish","type":"page","link":"https:\/\/www.dogavebilim.com\/?page_id=2403","title":{"rendered":"Y\u00d6NET\u0130M"},"content":{"rendered":"\n<p><\/p>\n\n\n\n<p class=\"has-text-align-center\"><strong>Ba\u015fkan<\/strong><\/p>\n\n\n\n<p class=\"has-text-align-center\"><a href=\"https:\/\/www.dogavebilim.com\/?page_id=2348&amp;lang=en\">Prof. Dr. Cemal Turan <\/a><\/p>\n\n\n\n<p class=\"has-text-align-center\"><strong>Y\u00f6netim Kurulu<\/strong><\/p>\n\n\n\n<p class=\"has-text-align-center\">       Dr. Servet Ahmet DO\u011eDU-<strong>Ba\u015fkan Yard\u0131mc\u0131s\u0131<\/strong><\/p>\n\n\n\n<p class=\"has-text-align-center\">       Prof. Dr. Deniz ERG\u00dcDEN-<strong>Sekreter<\/strong><\/p>\n\n\n\n<p class=\"has-text-align-center\">Dr. Ali UYAN-<strong>Sayman<\/strong><\/p>\n\n\n\n<p class=\"has-text-align-center\">Dr. Ay\u015feg\u00fcl ERGENLER-<strong>\u00dcye<\/strong><\/p>\n","protected":false},"excerpt":{"rendered":"<p>Ba\u015fkan Prof. Dr. Cemal Turan Y\u00f6netim Kurulu Dr. Servet Ahmet DO\u011eDU-Ba\u015fkan Yard\u0131mc\u0131s\u0131 Prof. Dr. Deniz ERG\u00dcDEN-Sekreter Dr. Ali UYAN-Sayman Dr.&hellip;<\/p>\n","protected":false},"author":2,"featured_media":0,"parent":0,"menu_order":0,"comment_status":"closed","ping_status":"closed","template":"","meta":{"footnotes":""},"_links":{"self":[{"href":"https:\/\/www.dogavebilim.com\/index.php?rest_route=\/wp\/v2\/pages\/2403"}],"collection":[{"href":"https:\/\/www.dogavebilim.com\/index.php?rest_route=\/wp\/v2\/pages"}],"about":[{"href":"https:\/\/www.dogavebilim.com\/index.php?rest_route=\/wp\/v2\/types\/page"}],"author":[{"embeddable":true,"href":"https:\/\/www.dogavebilim.com\/index.php?rest_route=\/wp\/v2\/users\/2"}],"replies":[{"embeddable":true,"href":"https:\/\/www.dogavebilim.com\/index.php?rest_route=%2Fwp%2Fv2%2Fcomments&post=2403"}],"version-history":[{"count":5,"href":"https:\/\/www.dogavebilim.com\/index.php?rest_route=\/wp\/v2\/pages\/2403\/revisions"}],"predecessor-version":[{"id":2536,"href":"https:\/\/www.dogavebilim.com\/index.php?rest_route=\/wp\/v2\/pages\/2403\/revisions\/2536"}],"wp:attachment":[{"href":"https:\/\/www.dogavebilim.com\/index.php?rest_route=%2Fwp%2Fv2%2Fmedia&parent=2403"}],"curies":[{"name":"wp","href":"https:\/\/api.w.org\/{rel}","templated":true}]}}