{"id":891,"date":"2019-01-08T17:40:48","date_gmt":"2019-01-08T14:40:48","guid":{"rendered":"http:\/\/www.dogavebilim.com\/?page_id=891"},"modified":"2022-08-11T14:15:04","modified_gmt":"2022-08-11T11:15:04","slug":"raporlar","status":"publish","type":"page","link":"https:\/\/www.dogavebilim.com\/?page_id=891","title":{"rendered":"RAPORLAR"},"content":{"rendered":"\n<p class=\"has-text-align-center has-vivid-cyan-blue-background-color has-background\" style=\"font-size:18px\"><strong>Hatay K\u0131y\u0131lar\u0131ndaki Deniz Kaplumba\u011falar\u0131n\u0131n Korunmas\u0131- 2019 Sonu\u00e7 Raporu (DBD-2019-P01)<\/strong><\/p>\n\n\n\n<ul><li><strong><a href=\"http:\/\/www.dogavebilim.com\/wp-content\/uploads\/2020\/05\/D%C3%B6rtyol_seaturtle_report.pdf\" target=\"_blank\" rel=\"noreferrer noopener\" aria-label=\"Hatay K\u0131y\u0131lar\u0131ndaki Deniz Kaplumba\u011falar\u0131n\u0131n Korunmas\u0131 - 2019 Sonu\u00e7 raporunu indirmek i\u00e7in t\u0131klay\u0131n\u0131z. (yeni sekmede a\u00e7\u0131l\u0131r)\">Hatay K\u0131y\u0131lar\u0131ndaki Deniz Kaplumba\u011falar\u0131n\u0131n Korunmas\u0131 &#8211; 2019 Sonu\u00e7 raporunu indirmek i\u00e7in t\u0131klay\u0131n\u0131z.<\/a><\/strong><\/li><\/ul>\n\n\n\n<p class=\"has-text-align-center has-very-dark-gray-color has-light-green-cyan-background-color has-text-color has-background\" style=\"font-size:18px\"><strong>Uluslararas\u0131 Balon Bal\u0131\u011f\u0131 Sempozyumu Panel Raporu<\/strong><\/p>\n\n\n\n<ul><li><a rel=\"noreferrer noopener\" aria-label=\"Uluslararas\u0131 Balon Bal\u0131\u011f\u0131 Sempozyumu (ISP2017) - Sempoyum ve panel raporunu\u00a0indirmek\u00a0i\u00e7in\u00a0t\u0131klay\u0131n\u0131z. (yeni sekmede a\u00e7\u0131l\u0131r)\" href=\"http:\/\/www.dogavebilim.com\/wp-content\/uploads\/2019\/01\/International-Symposium-of-Pufferfish-ISP2017-Symposium-and-Panel-Summary.pdf\" target=\"_blank\">Uluslararas\u0131 Balon Bal\u0131\u011f\u0131 Sempozyumu (ISP2017) &#8211; Panel raporunu\u00a0indirmek\u00a0i\u00e7in\u00a0t\u0131klay\u0131n\u0131z.<\/a><\/li><\/ul>\n\n\n\n<p class=\"has-text-align-center has-very-dark-gray-color has-text-color has-background\" style=\"background-color:#ca7872;font-size:18px\"><strong>Uluslararas\u0131 Kaya Bal\u0131klar\u0131 \u00c7al\u0131\u015ftay\u0131 Panel Raporu<\/strong><\/p>\n\n\n\n<ul><li><a href=\"http:\/\/www.dogavebilim.com\/wp-content\/uploads\/2019\/01\/Internation-Grouper-Workshop-IGW2016-Panel-Summary.pdf\" target=\"_blank\" rel=\"noreferrer noopener\" aria-label=\"Uluslararas\u0131 Kaya Bal\u0131klar\u0131 \u00c7al\u0131\u015ftay\u0131 (IGW2016)-Panel raporunu indirmek i\u00e7in t\u0131klay\u0131n\u0131z. (yeni sekmede a\u00e7\u0131l\u0131r)\">Uluslararas\u0131 Kaya Bal\u0131klar\u0131 \u00c7al\u0131\u015ftay\u0131 (IGW2016)-Panel raporunu indirmek i\u00e7in t\u0131klay\u0131n\u0131z.<\/a><\/li><\/ul>\n\n\n\n<p><\/p>\n","protected":false},"excerpt":{"rendered":"<p>Hatay K\u0131y\u0131lar\u0131ndaki Deniz Kaplumba\u011falar\u0131n\u0131n Korunmas\u0131- 2019 Sonu\u00e7 Raporu (DBD-2019-P01) Hatay K\u0131y\u0131lar\u0131ndaki Deniz Kaplumba\u011falar\u0131n\u0131n Korunmas\u0131 &#8211; 2019 Sonu\u00e7 raporunu indirmek i\u00e7in&hellip;<\/p>\n","protected":false},"author":2,"featured_media":0,"parent":882,"menu_order":2,"comment_status":"closed","ping_status":"closed","template":"","meta":{"footnotes":""},"_links":{"self":[{"href":"https:\/\/www.dogavebilim.com\/index.php?rest_route=\/wp\/v2\/pages\/891"}],"collection":[{"href":"https:\/\/www.dogavebilim.com\/index.php?rest_route=\/wp\/v2\/pages"}],"about":[{"href":"https:\/\/www.dogavebilim.com\/index.php?rest_route=\/wp\/v2\/types\/page"}],"author":[{"embeddable":true,"href":"https:\/\/www.dogavebilim.com\/index.php?rest_route=\/wp\/v2\/users\/2"}],"replies":[{"embeddable":true,"href":"https:\/\/www.dogavebilim.com\/index.php?rest_route=%2Fwp%2Fv2%2Fcomments&post=891"}],"version-history":[{"count":17,"href":"https:\/\/www.dogavebilim.com\/index.php?rest_route=\/wp\/v2\/pages\/891\/revisions"}],"predecessor-version":[{"id":2205,"href":"https:\/\/www.dogavebilim.com\/index.php?rest_route=\/wp\/v2\/pages\/891\/revisions\/2205"}],"up":[{"embeddable":true,"href":"https:\/\/www.dogavebilim.com\/index.php?rest_route=\/wp\/v2\/pages\/882"}],"wp:attachment":[{"href":"https:\/\/www.dogavebilim.com\/index.php?rest_route=%2Fwp%2Fv2%2Fmedia&parent=891"}],"curies":[{"name":"wp","href":"https:\/\/api.w.org\/{rel}","templated":true}]}}